ve m(16).
5
Let t(v) = v**2 + 7*v + 9. Determine t(-6).
3
Let x(s) = s**3 + s**2 - 2*s + 1. Give x(-2).
1
Let c(j) = -31*j + 1. Determine c(1).
-30
Let l(d) = -d**2 - 4*d - 11. Give l(-5).
-16
Let m(w) = w - 3. Give m(-3).
-6
Let s(l) = -l**3 - 15*l**2 + 31*l - 46. Calculate s(-17).
5
Let j(n) = -n - 9. Give j(-14).
5
Let m(t) = -79*t + 24. Determine m(2).
-134
Let w(x) = x - 30. Give w(10).
-20
Let q(g) = g**3 - 9*g**2 - 22*g + 6. Calculate q(11).
6
Let l(f) = -f**2 + 2*f - 1. Determine l(-7).
-64
Let g(v) = v**3 + 9*v**2 - 7*v + 8. Calculate g(-10).
-22
Let z(t) = t**3 + 7. Calculate z(0).
7
Let n(i) = i**2 + 2*i - 4. Determine n(4).
20
Let z(m) = m. Determine z(3).
3
Let v(z) = -z**3 - 4*z**2 + 6*z + 7. Give v(-1).
-2
Let u(w) = 18*w - 8. Give u(5).
82
Let u(q) = q**2 + 9*q - 5. Give u(-8).
-13
Let i(m) = 6*m**2 - 4*m + 2. Give i(3).
44
Let m(c) = c**2 + 4. Give m(-3).
13
Let l(a) = a**2 - 7*a - 6. What is l(10)?
24
Let g(v) = 2*v**2 + 7*v + 8. Calculate g(-4).
12
Let a(o) = 5*o**3 + o**2 + 6*o - 7. Give a(1).
5
Let g(o) = -o**3 - 6*o**2 + 3*o - 1. Calculate g(-5).
-41
Let f(p) = p**2 + 3*p - 8. What is f(-6)?
10
Let x(u) = -25*u + 400. What is x(16)?
0
Let f(a) = -a**2 - 24*a - 18. Calculate f(-15).
117
Let k(o) = -7*o - 7. Calculate k(-2).
7
Let w(d) = 20*d + 130. Determine w(-7).
-10
Let i(v) = v**2 - 13*v - 46. Give i(14).
-32
Let s(h) = h**2 + 14*h - 3. Determine s(-9).
-48
Let o(t) = 71*t**2 - t - 1. Determine o(1).
69
Let o(s) = 2*s + 38. Calculate o(-15).
8
Let m(a) = -2*a**3 - 19*a**2 - 10*a - 10. Determine m(-9).
-1
Let h(s) = s**3 + 5*s**2 - 5*s - 7. Give h(-5).
18
Let u(i) = -i**2 + 15*i - 40. Calculate u(10).
10
Let i(s) = -3*s**2 - 19*s + 43. What is i(-8)?
3
Let k(v) = -7*v - 55. Give k(-7).
-6
Let a(n) = -n**2 - 25. Determine a(0).
-25
Let o(v) = v**2 + 6*v + 8. Calculate o(-8).
24
Let i(f) = -f**2 + 14*f + 27. Calculate i(15).
12
Let w(x) = -x**2 + x + 2. Give w(3).
-4
Let p(d) = -26*d**2 - 2*d - 2. Calculate p(-1).
-26
Let b(y) = -y**2 - 13*y - 9. Determine b(-12).
3
Let a(f) = f**3 + 22*f**2 + 20*f - 23. Give a(-21).
-2
Let v(d) = -d**3 - 3*d**2 + 5*d + 6. What is v(-4)?
2
Let m(k) = 18*k + 8. Calculate m(4).
80
Let g(j) = 3*j - 10. Determine g(10).
20
Let j(h) = h**3 + 7*h**2 - 27*h - 8. Give j(-9).
73
Let b(p) = -p**3 + 19*p**2 - 35*p - 18. Give b(17).
-35
Let f(z) = z**3 - 9*z**2 - 53*z - 4. Give f(13).
-17
Let j(z) = 7*z**2 - 144*z - 60. Determine j(21).
3
Let y(b) = b**3 + 14*b**2 + 5*b - 8. What is y(-14)?
-78
Let f(o) = 2*o + 2. Give f(-6).
-10
Let n(b) = 24*b**2 + 6*b + 1. Determine n(-3).
199
Let y(h) = 10*h + 27. What is y(-3)?
-3
Let m(v) = 4*v - 28. Give m(8).
4
Let t(c) = -c**3 + 8*c**2 - 3*c + 8. Calculate t(8).
-16
Let j(p) = 5*p - 64. What is j(12)?
-4
Let i(m) = -m**3 - 6*m**2 + 9*m - 51. What is i(-8)?
5
Let g(h) = 3*h**2 + h - 1. What is g(-2)?
9
Let r(z) = -3*z**3 + z**2 - 4*z + 5. What is r(3)?
-79
Let g(r) = -r**2 - 11*r - 32. Give g(10).
-242
Let x(r) = r**3 + 4*r**2 + 3*r - 7. Determine x(-4).
-19
Let i(k) = -k**2 - 11*k - 19. Calculate i(-3).
5
Let w(k) = -k**2 - 11*k - 17. What is w(-9)?
1
Let l(r) = 10*r - 18. What is l(2)?
2
Let t(s) = -57*s + 3. Calculate t(-1).
60
Let t(z) = z + 23. Calculate t(-9).
14
Let p(w) = -22*w. Calculate p(4).
-88
Let j(c) = -c**3 - c**2 - 2*c + 13. Determine j(2).
-3
Let g(v) = v**3 + 3*v**2 + 2*v. What is g(-1)?
0
Let w(x) = x**3 + 8*x**2 - 7*x - 22. Calculate w(-9).
-40
Let n(f) = f + 1. What is n(1)?
2
Let q(n) = n**2 + 9*n - 8. Give q(-10).
2
Let u(l) = l**3 + 17*l**2 + 29*l - 12. What is u(-15)?
3
Let h(v) = v**3 - 59*v**2 + 115*v - 50. Determine h(57).
7
Let v(q) = 7*q + 149. Determine v(-18).
23
Let q(i) = -4*i - 9. Calculate q(-5).
11
Let w(m) = 2*m**3 + 8*m**2 - 3*m - 9. Calculate w(-4).
3
Let z(l) = -7*l**2 - 10*l - 6. Give z(-5).
-131
Let g(k) = -k**3 - 14*k**2 - 17*k. Give g(-13).
52
Let n(d) = d**2 + d - 73. Give n(-10).
17
Let k(g) = 2*g**3 + 23*g**2 - 15*g - 38. What is k(-12)?
-2
Let y(h) = -h**3 - 3*h**2 + 3*h + 5. What is y(-4)?
9
Let h(f) = -2*f**2 - 21. Calculate h(0).
-21
Let b(k) = -k - 3. Determine b(1).
-4
Let a(k) = k**3 - 7*k**2 + 9*k - 4. What is a(6)?
14
Let s(q) = -5*q**2 + q + 1. Calculate s(-2).
-21
Let l(g) = g**3 - 5*g**2 + 8*g - 21. What is l(5)?
19
Let w(n) = n**3 + 6*n**2 + 8*n - 7. Calculate w(-4).
-7
Let j(c) = -c**2 - 160*c + 3206. What is j(18)?
2
Let o(p) = p - 62. Give o(21).
-41
Let w(t) = -3*t - 19. Give w(-13).
20
Let b(y) = y**3 + 12*y**2 - 20*y + 52. Calculate b(-14).
-60
Let a(g) = -g**2 - 20*g - 98. What is a(-8)?
-2
Let f(s) = -2*s**2 + 11*s + 12. What is f(9)?
-51
Let o(r) = 14*r + 2. Calculate o(-2).
-26
Let x(f) = -f**3 - 4*f**2 - 3*f + 2. Give x(-5).
42
Let g(t) = 3*t**2 - 14*t + 9. Give g(4).
1
Let a(n) = 25*n + 2. Determine a(-2).
-48
Let z(b) = b**2 - 15*b - 1. Determine z(14).
-15
Let f(d) = -d**3 - 12*d**2 - 20*d - 7. Calculate f(-10).
-7
Let g(i) = -i**3 - 10*i**2 + i - 6. Determine g(-10).
-16
Let f(j) = -j**2 - 5*j + 10. What is f(-4)?
14
Let q(a) = 53*a**2 - 4*a - 3. Give q(-1).
54
Let r(d) = -d**2 + 6*d + 214. What is r(18)?
-2
Let y(s) = 16*s - 52. What is y(3)?
-4
Let u(l) = -l**3 + 2*l**2 + 4*l. Give u(4).
-16
Let r(q) = q**3 + 8*q**2 + q + 8. Give r(-7).
50
Let g(f) = f**2 + 13*f + 34. Give g(-7).
-8
Let u(j) = 3*j - 18. Give u(6).
0
Let m(p) = -2*p**2 - 10*p + 7. Give m(-5).
7
Let a(i) = 46*i**3 - i**2 + 7*i - 6. What is a(1)?
46
Let i(v) = -4*v**2 - 2*v + 2. Calculate i(-5).
-88
Let x(v) = 3*v**2 + v - 7. Give x(-3).
17
Let k(n) = 15*n + 94. What is k(-6)?
4
Let q(v) = v - 11. Give q(2).
-9
Let z(l) = -l**3 + 4*l**2 + 6*l - 6. Give z(5).
-1
Let c(v) = -v**2 - 22*v - 118. Determine c(-8).
-6
Let a(s) = s**3 - s**2 - 5*s + 4. What is a(2)?
-2
Let l(o) = -o**2 + 10*o. Calculate l(12).
-24
Let p(h) = -9*h**2 + 3*h - 4. Give p(1).
-10
Let n(h) = -h**2 - 28*h + 62. Give n(-30).
2
Let c(y) = -y**3 + 7*y**2 + 11*y + 28. Give c(10).
-162
Let r(s) = 29*s**3 + 2*s**2 + 3*s + 2. Determine r(-1).
-28
Let m(u) = -u**3 - 19*u**2 + 19*u - 24. Calculate m(-20).
-4
Let g(z) = -z**3 + 4*z**2 + 9*z + 3. What is g(6)?
-15
Let z(n) = n**2 - 10*n + 29. Determine z(8).
13
Let s(i) = i**2 + 6*i - 4. Give s(-5).
-9
Let v(x) = x**3 - 12*x**2 + 7*x - 15. Give v(11).
-59
Let k(j) = -2*j**3 + 2*j**2 + 6*j - 5. What is k(5)?
-175
Let n(s) = s**2 + 4*s. What is n(-9)?
45
Let k(j) = -j**2 - 13*j - 11. Calculate k(-10).
19
Let p(r) = r**3 - 5*r**2 - r - 5. What is p(4)?
-25
Let m(d) = -18*d + 28. Determine m(0).
28
Let j(v) = 2*v - 10. What is j(-7)?
-24
Let h(j) = 5*j**2 + 1. Calculate h(-1).
6
Let p(v) = -3*v. Determine p(-7).
21
Let d(p) = p**3 - 5*p**2 - 11*p + 34. Give d(6).
4
Let x(v) = -v - 12. Determine x(-10).
-2
Let l(m) = -m**3 - 3*m**2 + 2*m - 23. What is l(-4)?
-15
Let k(r) = r**3 + 17*r**2 - 16*r + 36. What is k(-18)?
0
Let j(c) = 3*c**2 - 4*c + 13. Calculate j(3).
28
Let n(c) = c**2 - 8*c - 11. What is n(8)?
-11
Let d(a) = -a**3 + 14*a**2 + 8*a + 31. Determine d(15).
-74
Let b(h) = 4*h**3 - 4*h**2 + 2*h + 4. Give b(3).
82
Let q(g) = g + 25. Determine q(3).
28
Let z(v) = v - 59. Give z(18).
-41
Let s(z) = -3*z**2 - z + 2. Calculate s(1).
-2
Let y(f) = 3*f - 5. What is y(2)?
1
Let v(q) = -q**3 + 48*q**2 + 44*q + 254. What is v(49)?
9
Let b(r) = r**2 + 8*r + 6. Calculate b(-8).
6
Let g(p) = -4*p**2 - p. Give g(2).
-18
Let q(f) = -f. What is q(4)?
-4
Let n(s) = 9*s**2 - s - 4. Give n(2).
30
Let o(f) = f**3 - 5*f**2 - 5*f - 4. Determine o(7).
59
Let h(y) = y**3 - 11*y**2 - 9*y + 14. Give h(11).
-85
Let v(t) = -t**3 + t**2 + 10. Determine v(0).
10
Let c(m) = 22*m - 178. Calculate c(9).
20
Let z(p) = 6*p + 38. Give z(16).
134
Let f(q) = -q**3 + q**2 + q + 16. Give f(0).
16
Let s(l) = -2*l**3 + 22*l**2 - 2*l + 20. Calculate s(11).
-2
Let y(v) = -2*v**3 + 10*v**2 - 8*v + 5. Calculate y(4).
5
Let q(i) = 2*i + 4. Calculate q(-4).
-4
Let y(c) = -2*c**3 + 34*c**2 - 56*c - 26. Determine y(15).
34
Let h(g) = g**2 + 14*g + 10. Give h(-9).
-35
Let j(h) = -108*h**2 + 4*h + 2. Determine j(-1).
-110
Let i(a) = 6*a + 43. Calculate i(-7).
1
Let g(v) = -11*v**3 + 4*v**2 - 7*v + 5. Determine g(2).
-81
Let n(o) = -13*o**2 - 3*o + 2. What is n(1)?
-14
Let x(j) = -j**3 + 40*j**2 + 83*j + 31. Give x(42).
-11
Let i(t) = t**2 - 10*t - 105. 